dred thousands digit of 916715?
9
What is the units digit of 11934885?
5
What is the ten thousands digit of 696077?
9
What is the thousands digit of 67503?
7
What is the ten thousands digit of 39395?
3
What is the hundred thousands digit of 12796157?
7
What is the thousands digit of 3078137?
8
What is the thousands digit of 180013?
0
What is the thousands digit of 8984051?
4
What is the ten thousands digit of 804801?
0
What is the tens digit of 6333127?
2
What is the hundred thousands digit of 2679655?
6
What is the ten thousands digit of 9397317?
9
What is the hundreds digit of 569981?
9
What is the hundreds digit of 90788?
7
What is the tens digit of 8104563?
6
What is the hundred thousands digit of 580169?
5
What is the ten millions digit of 12654232?
1
What is the tens digit of 2006251?
5
What is the thousands digit of 2712224?
2
What is the tens digit of 5796325?
2
What is the ten thousands digit of 655480?
5
What is the ten thousands digit of 415453?
1
What is the tens digit of 7240691?
9
What is the tens digit of 254492?
9
What is the thousands digit of 127735?
7
What is the hundred thousands digit of 199951?
1
What is the hundreds digit of 183034?
0
What is the units digit of 3457088?
8
What is the units digit of 517373?
3
What is the units digit of 811588?
8
What is the hundreds digit of 150195?
1
What is the thousands digit of 263807?
3
What is the hundred thousands digit of 117380?
1
What is the tens digit of 23532?
3
What is the hundred thousands digit of 468407?
4
What is the ten thousands digit of 5032779?
3
What is the units digit of 3707589?
9
What is the ten thousands digit of 326843?
2
What is the thousands digit of 317844?
7
What is the hundred thousands digit of 11817060?
8
What is the ten thousands digit of 287732?
8
What is the hundreds digit of 8914681?
6
What is the tens digit of 4161410?
1
What is the millions digit of 3468990?
3
What is the ten thousands digit of 6008717?
0
What is the thousands digit of 280344?
0
What is the ten thousands digit of 225403?
2
What is the tens digit of 4082991?
9
What is the thousands digit of 480859?
0
What is the hundred thousands digit of 252302?
2
What is the hundreds digit of 2263801?
8
What is the hundreds digit of 1268168?
1
What is the hundred thousands digit of 7096847?
0
What is the ten thousands digit of 135062?
3
What is the tens digit of 8850939?
3
What is the units digit of 164850?
0
What is the tens digit of 389927?
2
What is the hundreds digit of 2093525?
5
What is the units digit of 867469?
9
What is the ten thousands digit of 756237?
5
What is the hundreds digit of 5698202?
2
What is the ten thousands digit of 60812?
6
What is the units digit of 141819?
9
What is the ten thousands digit of 969609?
6
What is the millions digit of 9038407?
9
What is the millions digit of 2297956?
2
What is the units digit of 3439996?
6
What is the thousands digit of 4107875?
7
What is the units digit of 43847?
7
What is the tens digit of 913536?
3
What is the units digit of 2795865?
5
What is the hundreds digit of 909871?
8
What is the tens digit of 19849?
4
What is the ten thousands digit of 534573?
3
What is the ten thousands digit of 5051386?
5
What is the hundreds digit of 750402?
4
What is the thousands digit of 15532795?
2
What is the hundreds digit of 238929?
9
What is the hundreds digit of 9772640?
6
What is the units digit of 2213293?
3
What is the millions digit of 3252255?
3
What is the thousands digit of 5782187?
2
What is the thousands digit of 5995508?
5
What is the thousands digit of 2422313?
2
What is the thousands digit of 8884?
8
What is the hundreds digit of 27836?
8
What is the tens digit of 63310?
1
What is the tens digit of 656504?
0
What is the units digit of 29812?
2
What is the thousands digit of 10253479?
3
What is the tens digit of 315503?
0
What is the millions digit of 8140818?
8
What is the millions digit of 1244876?
1
What is the thousands digit of 339743?
9
What is the hundreds digit of 471520?
5
What is the hundreds digit of 5272323?
3
What is the hundreds digit of 254806?
8
What is the millions digit of 9346615?
9
What is the tens digit of 663372?
7
What is the thousands digit of 10328713?
8
What is the ten thousands digit of 73107?
7
What is the tens digit of 1507074?
7
What is the units digit of 256849?
9
What is the tens digit of 452649?
4
What is the millions digit of 1279616?
1
What is the ten thousands digit of 32756118?
5
What is the units digit of 328305?
5
What is the units digit of 1911149?
9
What is the units digit of 1496607?
7
What is the tens digit of 1108874?
7
What is the units digit of 4258525?
5
What is the hundreds digit of 10829330?
3
What is the tens digit of 3596004?
0
What is the hundreds digit of 41104?
1
What is the millions digit of 1147754?
1
What is the hundred thousands digit of 1455742?
4
What is the hundreds digit of 1616501?
5
What is the hundreds digit of 201184?
1
What is the tens digit of 15369621?
2
What is the thousands digit of 1039582?
9
What is the hundred thousands digit of 409608?
4
What is the tens digit of 195088?
8
What is the thousands digit of 1356578?
6
What is the units digit of 14629149?
9
What is the ten thousands digit of 14915655?
1
What is the hundred thousands digit of 674825?
6
What is the units digit of 208238?
8
What is the tens digit of 1550632?
3
What is the units digit of 944270?
0
What is the ten millions digit of 11275264?
1
What is the hundred thousands digit of 1543438?
5
What is the ten thousands digit of 224515?
2
What is the ten thousands digit of 14066?
1
What is the ten thousands digit of 1813512?
1
What is the tens digit of 1670930?
3
What is the ten thousands digit of 519856?
1
What is the thousands digit of 883164?
3
What is the ten thousands digit of 4118422?
1
What is the thousands digit of 21291861?
1
What is the millions digit of 5779876?
5
What is the tens digit of 1290217?
1
What is the thousands digit of 220529?
0
What is the units digit of 4080754?
4
What is the thousands digit of 2247316?
7
What is the ten thousands digit of 143009?
4
What is the units digit of 119116?
6
What is the hundreds digit of 1431332?
3
What is the tens digit of 163439?
3
What is the ten thousands digit of 6244646?
4
What is the hundreds digit of 925934?
9
What is the ten thousands digit of 3499564?
9
What is the millions digit of 3701975?
3
What is the ten thousands digit of 281358?
8
What is the hundred thousands digit of 763776?
7
What is the hundred thousands digit of 15702264?
7
What is the units digit of 380507?
7
What is the hundred thousands digit of 8899220?
8
What is the hundred thousands digit of 107158?
1
What is the ten thousands digit of 5799158?
9
What is the hundred thousands digit of 361856?
3
What is the thousands digit of 151963?
1
What is the thousands digit of 1183277?
3
What is the millions digit of 6121375?
6
What is the units digit of 19100033?
3
What is the units digit of 576718?
8
What is the tens digit of 137864?
6
What is the ten thousands digit of 232955?
3
What is the tens digit of 2087644?
4
What is the hundreds digit of 13369330?
3
What is the millions digit of 2495656?
2
What is the thousands digit of 115605?
5
What is the units digit of 2273643?
3
What is the tens digit of 4635988?
8
What is the ten millions digit of 22023156?
2
What is the ten thousands digit of 208329?
0
What is the ten thousands digit of 3090143?
9
What is the thousands digit of 33918?
3
What is the units digit of 127841?
1
What is the tens digit of 226839?
3
What is the units digit of 76120?
0
What is the tens digit of 49819?
1
What is the hundreds digit of 1156650?
6
What is the millions digit of 24226065?
4
What is the hundreds digit of 5497399?
3
What is the tens digit of 377847?
4
What is the millions digit of 7137062?
7
What is the tens digit of 31839?
3
What is the hundreds digit of 905626?
6
What is the thousands digit of 5472861?
2
What is the millions digit of 5748406?
5
What is the hundreds digit of 321514?
5
What is the hundred thousands digit of 556282?
5
What is the hundreds digit of 73350?
3
What is the hundreds digit of 4194?
1
What is the ten thousands digit of 9303883?
0
What is the ten thousands digit of 4250420?
5
What is the tens digit of 4966519?
1
What is the thousands